{"id":478,"date":"2024-02-14T09:45:53","date_gmt":"2024-02-14T09:45:53","guid":{"rendered":"https:\/\/tunichtgutband.de\/?page_id=478"},"modified":"2025-10-07T19:04:45","modified_gmt":"2025-10-07T19:04:45","slug":"elementor-478","status":"publish","type":"page","link":"https:\/\/tunichtgutband.de\/","title":{"rendered":"News"},"content":{"rendered":"\t\t<div data-elementor-type=\"wp-page\" data-elementor-id=\"478\" class=\"elementor elementor-478\">\n\t\t\t\t\t\t<section class=\"elementor-section elementor-top-section elementor-element elementor-element-e0c0def elementor-section-boxed elementor-section-height-default elementor-section-height-default\" data-id=\"e0c0def\" data-element_type=\"section\" data-e-type=\"section\">\n\t\t\t\t\t\t<div class=\"elementor-container elementor-column-gap-default\">\n\t\t\t\t\t<div class=\"elementor-column elementor-col-100 elementor-top-column elementor-element elementor-element-e34fa0f\" data-id=\"e34fa0f\" data-element_type=\"column\" data-e-type=\"column\">\n\t\t\t<div class=\"elementor-widget-wrap elementor-element-populated\">\n\t\t\t\t\t\t\t<\/div>\n\t\t<\/div>\n\t\t\t\t\t<\/div>\n\t\t<\/section>\n\t\t\t\t<section class=\"elementor-section elementor-top-section elementor-element elementor-element-04e5c8f elementor-section-boxed elementor-section-height-default elementor-section-height-default\" data-id=\"04e5c8f\" data-element_type=\"section\" data-e-type=\"section\">\n\t\t\t\t\t\t<div class=\"elementor-container elementor-column-gap-default\">\n\t\t\t\t\t<div class=\"elementor-column elementor-col-100 elementor-top-column elementor-element elementor-element-dc84002\" data-id=\"dc84002\" data-element_type=\"column\" data-e-type=\"column\">\n\t\t\t<div class=\"elementor-widget-wrap elementor-element-populated\">\n\t\t\t\t\t\t<div class=\"elementor-element elementor-element-1c4bd8e elementor-widget elementor-widget-text-editor\" data-id=\"1c4bd8e\" data-element_type=\"widget\" data-e-type=\"widget\" data-widget_type=\"text-editor.default\">\n\t\t\t\t<div class=\"elementor-widget-container\">\n\t\t\t\t\t\t\t\t\t<h1 style=\"text-align: center;\" data-start=\"140\" data-end=\"333\"><strong>Endlich ist es so weit!\u00a0<\/strong><\/h1><p data-start=\"140\" data-end=\"333\"><br data-start=\"170\" data-end=\"173\" \/>Nach 2,5 Jahren Arbeit, Schwei\u00df, Chaos und vielen N\u00e4chten, in denen Musik und Met Hand in Hand gingen, ist unser neues Album \u201eSchanktaten\u201c endlich da!<\/p><p>Zwischen Taverne, Studio und B\u00fchne ist ein Werk entstanden, das so klingt, wie wir leben: laut, ehrlich und mit einem ordentlichen Schluck Wahnsinn.Ob zum Feiern, Schunkeln oder Mitbr\u00fcllen \u2013 \u201eSchanktaten\u201c ist jetzt \u00fcberall im Stream verf\u00fcgbar und in kleiner Auflage exklusiv auf unseren Konzerten auch als CD erh\u00e4ltlich!<\/p><p style=\"text-align: left;\">Also hebt den Krug, dreht auf und feiert mit uns \u2013 auf all die Schanktaten, die noch kommen werden!<\/p>\t\t\t\t\t\t\t\t<\/div>\n\t\t\t\t<\/div>\n\t\t\t\t\t<\/div>\n\t\t<\/div>\n\t\t\t\t\t<\/div>\n\t\t<\/section>\n\t\t\t\t<section class=\"elementor-section elementor-top-section elementor-element elementor-element-db606ec elementor-section-boxed elementor-section-height-default elementor-section-height-default\" data-id=\"db606ec\" data-element_type=\"section\" data-e-type=\"section\">\n\t\t\t\t\t\t<div class=\"elementor-container elementor-column-gap-default\">\n\t\t\t\t\t<div class=\"elementor-column elementor-col-100 elementor-top-column elementor-element elementor-element-6bee2b8\" data-id=\"6bee2b8\" data-element_type=\"column\" data-e-type=\"column\">\n\t\t\t<div class=\"elementor-widget-wrap elementor-element-populated\">\n\t\t\t\t\t\t<div class=\"elementor-element elementor-element-82a3b7b elementor-widget elementor-widget-image\" data-id=\"82a3b7b\" data-element_type=\"widget\" data-e-type=\"widget\" data-widget_type=\"image.default\">\n\t\t\t\t<div class=\"elementor-widget-container\">\n\t\t\t\t\t\t\t\t\t\t\t\t\t\t\t<img decoding=\"async\" src=\"https:\/\/tunichtgutband.de\/wp-content\/uploads\/elementor\/thumbs\/DF1438A6-AAE6-4A57-A7F2-2DB2FC7FD1DC_1_105_c-rcv8twif11ss61s7hg4e9ynb4m43sj64cag1dmxwmo.jpeg\" title=\"DF1438A6-AAE6-4A57-A7F2-2DB2FC7FD1DC_1_105_c\" alt=\"DF1438A6-AAE6-4A57-A7F2-2DB2FC7FD1DC_1_105_c\" loading=\"lazy\" \/>\t\t\t\t\t\t\t\t\t\t\t\t\t\t\t<\/div>\n\t\t\t\t<\/div>\n\t\t\t\t\t<\/div>\n\t\t<\/div>\n\t\t\t\t\t<\/div>\n\t\t<\/section>\n\t\t\t\t<section class=\"elementor-section elementor-top-section elementor-element elementor-element-bf3321c elementor-section-boxed elementor-section-height-default elementor-section-height-default\" data-id=\"bf3321c\" data-element_type=\"section\" data-e-type=\"section\">\n\t\t\t\t\t\t<div class=\"elementor-container elementor-column-gap-default\">\n\t\t\t\t\t<div class=\"elementor-column elementor-col-100 elementor-top-column elementor-element elementor-element-86e258b\" data-id=\"86e258b\" data-element_type=\"column\" data-e-type=\"column\">\n\t\t\t<div class=\"elementor-widget-wrap\">\n\t\t\t\t\t\t\t<\/div>\n\t\t<\/div>\n\t\t\t\t\t<\/div>\n\t\t<\/section>\n\t\t\t\t<section class=\"elementor-section elementor-top-section elementor-element elementor-element-34bfdd3 elementor-section-boxed elementor-section-height-default elementor-section-height-default\" data-id=\"34bfdd3\" data-element_type=\"section\" data-e-type=\"section\">\n\t\t\t\t\t\t<div class=\"elementor-container elementor-column-gap-default\">\n\t\t\t\t\t<div class=\"elementor-column elementor-col-100 elementor-top-column elementor-element elementor-element-de17af2\" data-id=\"de17af2\" data-element_type=\"column\" data-e-type=\"column\">\n\t\t\t<div class=\"elementor-widget-wrap\">\n\t\t\t\t\t\t\t<\/div>\n\t\t<\/div>\n\t\t\t\t\t<\/div>\n\t\t<\/section>\n\t\t\t\t<\/div>\n\t\t","protected":false},"excerpt":{"rendered":"<p>Endlich ist es so weit!\u00a0 Nach 2,5 Jahren Arbeit, Schwei\u00df, Chaos und vielen N\u00e4chten, in denen Musik und Met Hand in Hand gingen, ist unser neues Album \u201eSchanktaten\u201c endlich da! Zwischen Taverne, Studio und B\u00fchne ist ein Werk entstanden, das so klingt, wie wir leben: laut, ehrlich und mit einem ordentlichen Schluck Wahnsinn.Ob zum Feiern, Schunkeln oder Mitbr\u00fcllen \u2013 \u201eSchanktaten\u201c ist jetzt \u00fcberall im Stream verf\u00fcgbar und in kleiner Auflage exklusiv auf unseren Konzerten auch als CD erh\u00e4ltlich! Also hebt den Krug, dreht auf und feiert mit uns \u2013 auf all die Schanktaten, die noch kommen werden!<\/p>\n","protected":false},"author":2,"featured_media":0,"parent":0,"menu_order":0,"comment_status":"closed","ping_status":"closed","template":"","meta":{"footnotes":""},"class_list":["post-478","page","type-page","status-publish","hentry"],"acf":[],"_links":{"self":[{"href":"https:\/\/tunichtgutband.de\/index.php\/wp-json\/wp\/v2\/pages\/478","targetHints":{"allow":["GET"]}}],"collection":[{"href":"https:\/\/tunichtgutband.de\/index.php\/wp-json\/wp\/v2\/pages"}],"about":[{"href":"https:\/\/tunichtgutband.de\/index.php\/wp-json\/wp\/v2\/types\/page"}],"author":[{"embeddable":true,"href":"https:\/\/tunichtgutband.de\/index.php\/wp-json\/wp\/v2\/users\/2"}],"replies":[{"embeddable":true,"href":"https:\/\/tunichtgutband.de\/index.php\/wp-json\/wp\/v2\/comments?post=478"}],"version-history":[{"count":41,"href":"https:\/\/tunichtgutband.de\/index.php\/wp-json\/wp\/v2\/pages\/478\/revisions"}],"predecessor-version":[{"id":562,"href":"https:\/\/tunichtgutband.de\/index.php\/wp-json\/wp\/v2\/pages\/478\/revisions\/562"}],"wp:attachment":[{"href":"https:\/\/tunichtgutband.de\/index.php\/wp-json\/wp\/v2\/media?parent=478"}],"curies":[{"name":"wp","href":"https:\/\/api.w.org\/{rel}","templated":true}]}}